(q) = q**3 - 3*q**2 - 2*q - 5. Is x(f) a prime number?
False
Suppose -a = 4*a - 2*d - 1152, 4*a = 4*d + 912. Suppose 5*i = -5*s + i + 291, -4*s - 3*i + a = 0. Is s a composite number?
True
Suppose -2*y = -4*g - 7*y + 188, 4*y + 68 = g. Let r = g - 15. Is r composite?
False
Suppose -3155 = -9*m + 4*m. Is m a prime number?
True
Is (-2)/4 + (-583)/(-2) a prime number?
False
Let s(y) = y**2 - 5*y + 3. Let n(l) = -l**2 + 3*l + 5. Let o be n(5). Is s(o) composite?
False
Suppose -221 - 64 = 5*c. Let l = c + 83. Is l prime?
False
Let x(g) = -3 - 3 + 28*g + 31*g + 2. Let s be x(-4). Is 2 - (s/3 - 1) composite?
False
Let j = 10238 + -4489. Is j a composite number?
False
Let b be 3 + (-1)/(-3 + 2). Let x be 5*2*76/10. Suppose i - x = -4*t - 18, -5*i = -b*t + 70. Is t a prime number?
False
Let v(k) = -k**3 + 5*k**2 - k + 1. Let p = 1 + -5. Is v(p) a prime number?
True
Suppose 0 = 4*m - 18 - 2. Suppose u - 132 = -3*u. Suppose -m*n + u = -2*n. Is n a prime number?
True
Let i be -6*(2 - 8/3). Suppose -28 = -i*c + 24. Is c a prime number?
True
Let y(u) = -1. Let q(j) = 15*j - 4. Let m(l) = -q(l) - 3*y(l). Let i(k) = -7*k + 4. Let d(v) = -7*i(v) + 4*m(v). Is d(-3) a prime number?
False
Suppose g = -3*g + 24. Let j be g*((-6)/9)/(-1). Suppose 4*m - l = 808, 0 = -l - j*l + 20. Is m composite?
True
Let n = 39 - 60. Let k = 64 - n. Is k composite?
True
Is (30/45)/(2/3) - -2332 a prime number?
True
Suppose 3*i = 5*p - 207, 3*p + 2*i - 109 = -0*i. Let l = -21 - -35. Let r = p + l. Is r a composite number?
False
Is 16/(-40) + (-8394)/(-10) prime?
True
Let g(o) = 65*o**3 - 2*o**2 - 3*o. Let x(h) = -65*h**3 + 2*h**2 + 4*h. Let i(z) = -3*g(z) - 2*x(z). Let m be i(-1). Suppose -2*r - 22 = -m. Is r composite?
True
Let o(u) = 3*u**2 - u + 5. Let w be o(-7). Let s = 3 + -1. Suppose -y = s*y - w. Is y prime?
True
Let w be -10*(3 - 14/4). Let d = w - 5. Suppose 382 = -d*x + 2*x. Is x prime?
True
Suppose m = -3*m + 4. Suppose -t - m = -3. Suppose 5*d + 1 = 2*x + 456, t*d + x = 173. Is d composite?
False
Suppose -22*g = -17*g. Suppose -2*i = -g*i - 30. Is i composite?
True
Suppose -93 = -p - t, 3*p - 501 = -2*p + 4*t. Let a = p + -143. Let o = -27 - a. Is o a prime number?
True
Let m = 1070 - 717. Is m prime?
True
Let d(y) be the third derivative of 0 + 4*y**2 + 0*y + 1/6*y**3 + 1/30*y**5 - 1/24*y**4. Is d(2) prime?
True
Suppose 2*z - 4*s = 1578, -3474 = -5*z - s + 460. Is z a prime number?
True
Let u(h) = 21*h**2 + 7*h - 7. Let c(j) = -31*j**2 - 11*j + 11. Let z(l) = 5*c(l) + 8*u(l). Is z(-2) prime?
False
Suppose 2*p + 8 = 4*p. Suppose 4*a - 560 = 2*v, 4*a - 409 = a - p*v. Is a composite?
False
Is (-2950)/(-14) + (-6)/(-21) prime?
True
Let j = -1 + 6. Suppose j*u = 30 + 235. Is u composite?
False
Let z = -51 - 3. Let j = z + 107. Is j composite?
False
Let p = -8 - -13. Suppose -p*h + 91 = -144. Let l = h - 0. Is l a composite number?
False
Let k = 173 + -109. Let d = k - -63. Is d a prime number?
True
Let t(y) = y**3 + 6*y**2 - 7*y. Let o be t(-7). Suppose o = -2*s + 4*m, -3*s - 2*m = -0*s - 24. Is s a prime number?
False
Let p(m) = m. Let q be p(0). Let z(d) = -d**2 + 12. Let v be z(q). Is v - 3/6*-2 composite?
False
Let n be 3*-1 - 2/(-1). Let f(x) = x**2 - x - 1. Let h(w) = 7*w**2 - 7*w - 64. Let b(z) = n*h(z) + 6*f(z). Is b(0) composite?
True
Let u(i) be the third derivative of i**5/60 + i**4/24 - i**3/2 + 4*i**2. Is u(7) prime?
True
Suppose 3*n + 2*i = 5*i + 27, 5*n + 3*i - 37 = 0. Let r(g) = 113*g**3 + 7*g**2 - n*g**2 + 0*g + g. Is r(1) a composite number?
False
Let u(g) = -2*g + 10*g - 56 + 54. Let j(t) = t**2 - 2. Let o be j(2). Is u(o) composite?
True
Let n(t) be the second derivative of -t**5/20 - t**4/3 + 7*t**3/6 - 5*t**2/2 + 12*t. Suppose 4*l = -5*z - 44, -3 - 5 = 4*l - 4*z. Is n(l) composite?
True
Let l = 1 - -1. Let w(o) = -o**2 + 2*o + 2. Let r be w(l). Is ((-44)/8)/(r/(-20)) a prime number?
False
Let x = 436 - -74. Suppose 4*j - 984 = 5*n, j - 3*j - 2*n + x = 0. Is j prime?
True
Suppose -4*y - 8 = -40. Is 1014/y + 1/4 a prime number?
True
Let b be 7/14 - (-59)/(-2). Let m = b - -6. Let h = 2 - m. Is h a composite number?
True
Suppose 0 = -3*i, -3*i = 4*p - 8*i - 16. Suppose 2*m = -p*n + 18, 3*m - 21 = -5*n - 0*m. Is (1 - n*-1) + 0 a composite number?
False
Let z(p) = p**3 + p**2 - 4*p. Let r be z(-3). Let u(h) = -h - 6. Let o be u(r). Suppose o*q = -q + 55. Is q a prime number?
False
Let j = 13 - 11. Suppose -j*l + 218 = -48. Is l a composite number?
True
Let h = 2 - 0. Suppose -j + 4*j + 1 = -h*x, 2*x - 19 = j. Is x a composite number?
False
Suppose -2*o + 9*o - 6391 = 0. Is o a prime number?
False
Let m = -82 - 101. Let r = m + 632. Is r a prime number?
True
Suppose 0 = -17*g + 39*g - 34628. Is g composite?
True
Let q be (-24)/(-2)*1/(-2). Let o be q/10 + (-1992)/5. Is (o/12)/(3/(-12)) a prime number?
False
Let o = 6 - 3. Suppose -o*n = -0*n - 6. Suppose -277 = -4*b + 3*v, 4*b + 0*v = n*v + 274. Is b a prime number?
True
Suppose -139 - 243 = -2*u. Is u composite?
False
Let o(l) = -l + 8. Let p be o(8). Suppose -98 = -3*s - 5*m - p*m, -4*s + 3*m + 121 = 0. Is s prime?
True
Let v be 18/(-3)*(66 - -2). Let r = v + 591. Is r composite?
True
Let r be (-53)/4*-8*1. Let l = r - -7. Is l a composite number?
False
Suppose -5*y + 4*s = -3774, -3*s - 1 = -13. Is y a composite number?
True
Is 40 + 1/(-1) - 1 a composite number?
True
Let a(y) be the third derivative of y**5/15 - y**4/8 - 2*y**3/3 + 2*y**2. Let o be a(3). Suppose o + 52 = 3*x. Is x a composite number?
True
Let o(f) = -13*f - 22. Is o(-8) a composite number?
True
Let d be ((-1)/(-2))/((-2)/(-948)). Suppose -v + d = -0*s + 2*s, 0 = 5*v + 2*s - 1177. Is v composite?
True
Let i = -4 - -6. Let c be 396/(-15) + (-2)/(-5). Is -3 + 5 - c/i a composite number?
True
Let a = 24 - 9. Is a composite?
True
Let k = 200 + -73. Is k a composite number?
False
Suppose 5*y + 14 = -4*w, -4*w - 1 = y + 5. Let a be 14/(-49) - y/7. Suppose a = 2*g - 7*g + 15. Is g a prime number?
True
Let o be ((-8)/(-10))/((-2)/(-20)). Is -25*2/o*-4 a composite number?
True
Suppose -3*a + 1137 = -0*a. Is a prime?
True
Let a(u) = 7*u**2 + 7*u - 7. Is a(-6) prime?
False
Suppose 4*g = -0*g - 16, 0 = 2*v - 4*g - 16. Suppose -2*f = v, f = -6*i + 3*i + 333. Is i composite?
True
Let n(k) = -95*k - 10. Let g(b) = -48*b - 5. Let r(h) = 13*g(h) - 6*n(h). Is r(-4) a prime number?
True
Let t be (0 + 1)/((-7)/(-35)). Let z be (-2)/13 + (-4)/(-26). Suppose 2*w - 27 = -8*x + 3*x, z = -t*w - 5*x + 105. Is w composite?
True
Let a be 5*(1 + (-4)/5). Is 4/(a/((-123)/(-6))) a composite number?
True
Suppose 3*n = n - 6, -3*p = 5*n - 516. Is p a composite number?
True
Let p(q) = 2*q - 1. Let j be 1 - (-1 + 2 + 1). Let m be p(j). Is -19*(m - (-2)/1) prime?
True
Is (-6)/(-9)*(-10539)/(-6) prime?
True
Let o(z) = 33*z + 2. Is o(7) prime?
True
Suppose -2*m + 1 + 3 = 0. Suppose -1 = -f, -m*f + 110 = x - 77. Is x prime?
False
Suppose -6*s - s = -4837. Is s a prime number?
True
Let l(z) = 4 + 3*z - z**2 + 2*z + 3*z. Let i be l(10). Let n = 53 + i. Is n a composite number?
False
Let h be (2 + 28/(-8))*-40. Suppose -h - 55 = -b. Is b prime?
False
Is (-3)/(36/27952)*3/(-2) a composite number?
True
Suppose 5*g = -2*f - 74 + 331, -115 = -f + 2*g. Is f composite?
True
Let a(s) be the third derivative of s**7/1008 - s**6/360 + s**5/20 - 3*s**2. Let v(g) be the third derivative of a(g). Is v(3) a composite number?
False
Let z(m) = m - 6. Let g be z(8). Suppose 5*k = g*k + 195. Is k prime?
False
Let c(i) = -5*i**2 - 1. Let n be c(-1). Is (-232)/n + 10/(-15) composite?
True
Let o(p) = 15*p + 34. Is o(3) prime?
True
Suppose 0*x - 3*k = -4*x + 29, 0 = -5*x - 2*k + 19. Suppose -f - 3*a + 175 = 0, x*f - 4*a + 2*a = 943. Is f composite?
True
Let t = 30 - 18. Suppose -5*g = -7*g + t. Is (-207)/g*-2*1 composite?
True
Let y = 63 + -24. Is y prime?
False
Suppose -6*g = -3*g - 1281. Is g a prime number?
False
Suppose -4*o + 3*o = -2*n + 597, 2*n = 4*o + 582. Let j = n - -368. Is j prime?
False
Suppose -3*l = -p + 14 + 66, -2*p + 3*l + 145 = 0. Is 6315/p + (-4)/26 a prime number?
True
Is ((8 + 4)/4)/(3/362) composite?
True
Let w be (-2 + 3)*(1 - -2). Let l(o) = -65*o + 1. Let b be l(-4). Suppose 5*k = 3*v - 849 + b, -w*v = 3*k - 564. Is v composite?
False
Suppose 0 = 2*g - 5*u - 936 - 2031